{"id":31,"date":"2024-04-09T18:58:07","date_gmt":"2024-04-09T16:58:07","guid":{"rendered":"https:\/\/www.stenchly-dach.de\/?page_id=31"},"modified":"2025-03-03T09:58:57","modified_gmt":"2025-03-03T08:58:57","slug":"einbau-von-velux-und-rotodachflaechenfenstern","status":"publish","type":"page","link":"https:\/\/www.stenchly-dach.de\/?page_id=31","title":{"rendered":"Einbau von Velux- und Roto-Dachfl\u00e4chenfenstern"},"content":{"rendered":"\n<p class=\"has-vivid-red-color has-text-color has-link-color has-medium-font-size wp-elements-33fdd862f0d29e9d15ba8d4ee5afcf2d\"><strong>Bringen Sie Licht ins Dach<\/strong> &#8211; und erh\u00f6hen Sie Ihre Wohnqualit\u00e4t<br><br>Der Wunsch nach mehr Helligkeit, Sonne und vor allem besserem Ausblick w\u00e4chst stetig. Verschiedenste Techniken machen es m\u00f6glich, immer gr\u00f6\u00dfere Glasfl\u00e4chen herzustellen. So spiegelt sich der Trend zu immer gro\u00dffl\u00e4chigeren Verglasungen und damit immer hochwertigeren R\u00e4umen im Dachgeschoss wieder.<br><br>W\u00e4hrend die R\u00e4ume direkt unter dem Dach fr\u00fcher meistens als zweitklassig galten, avancieren sie heute oft zu den Schmuckst\u00fccken des Hauses. Lassen Sie sich inspirieren und machenSie auch aus Ihren Dachr\u00e4umen Dachtr\u00e4ume! Gern stehen wir Ihnen bei der Beratung, Planung und Ausf\u00fchrung hilfreich zur Seite.<\/p>\n","protected":false},"excerpt":{"rendered":"<p>Bringen Sie Licht ins Dach &#8211; und erh\u00f6hen Sie Ihre Wohnqualit\u00e4t Der Wunsch nach mehr Helligkeit, Sonne und vor allem besserem Ausblick w\u00e4chst stetig. Verschiedenste Techniken machen es m\u00f6glich, immer gr\u00f6\u00dfere Glasfl\u00e4chen herzustellen. So spiegelt sich der Trend zu immer gro\u00dffl\u00e4chigeren Verglasungen und damit immer hochwertigeren R\u00e4umen im Dachgeschoss wieder. W\u00e4hrend die R\u00e4ume direkt unter &hellip; <\/p>\n<p class=\"link-more\"><a href=\"https:\/\/www.stenchly-dach.de\/?page_id=31\" class=\"more-link\"><span class=\"screen-reader-text\">\u201eEinbau von Velux- und Roto-Dachfl\u00e4chenfenstern\u201c <\/span>weiterlesen<\/a><\/p>\n","protected":false},"author":1,"featured_media":0,"parent":0,"menu_order":0,"comment_status":"closed","ping_status":"closed","template":"","meta":{"footnotes":""},"class_list":["post-31","page","type-page","status-publish","hentry"],"_links":{"self":[{"href":"https:\/\/www.stenchly-dach.de\/index.php?rest_route=\/wp\/v2\/pages\/31","targetHints":{"allow":["GET"]}}],"collection":[{"href":"https:\/\/www.stenchly-dach.de\/index.php?rest_route=\/wp\/v2\/pages"}],"about":[{"href":"https:\/\/www.stenchly-dach.de\/index.php?rest_route=\/wp\/v2\/types\/page"}],"author":[{"embeddable":true,"href":"https:\/\/www.stenchly-dach.de\/index.php?rest_route=\/wp\/v2\/users\/1"}],"replies":[{"embeddable":true,"href":"https:\/\/www.stenchly-dach.de\/index.php?rest_route=%2Fwp%2Fv2%2Fcomments&post=31"}],"version-history":[{"count":0,"href":"https:\/\/www.stenchly-dach.de\/index.php?rest_route=\/wp\/v2\/pages\/31\/revisions"}],"wp:attachment":[{"href":"https:\/\/www.stenchly-dach.de\/index.php?rest_route=%2Fwp%2Fv2%2Fmedia&parent=31"}],"curies":[{"name":"wp","href":"https:\/\/api.w.org\/{rel}","templated":true}]}}