{"id":18,"date":"2024-04-09T18:38:10","date_gmt":"2024-04-09T16:38:10","guid":{"rendered":"https:\/\/www.stenchly-dach.de\/?page_id=18"},"modified":"2025-03-04T11:47:31","modified_gmt":"2025-03-04T10:47:31","slug":"kontakt","status":"publish","type":"page","link":"https:\/\/www.stenchly-dach.de\/?page_id=18","title":{"rendered":"Kontakt"},"content":{"rendered":"\n<p class=\"has-vivid-red-color has-text-color has-link-color has-medium-font-size wp-elements-7602ae16ecc68e87af5b7a4a98e9cf46\">Haben Sie Fragen zu den Informationen auf unserer Internetseite? W\u00fcnschen Sie ein pers\u00f6nliches Beratungsgespr\u00e4ch? Wollen Sie sich von uns ein unverbindliches Angebot zu unseren Leistungen erstellen lassen? Hier sind Sie genau richtig! Hier bieten wir Ihnen die M\u00f6glichkeit, sich direkt mit uns in Verbindung zu setzen.<br><br>F\u00fcllen Sie einfach das Formular aus und vergessen Sie hierbei bitte nicht Ihre Absenderangaben! Denn: Nur so k\u00f6nnen wir uns auch dann mit Ihnen wieder in Verbindung setzen. Vielen Dank!<\/p>\n\n\n\n<div class=\"wpcf7 no-js\" id=\"wpcf7-f8-o1\" lang=\"de-DE\" dir=\"ltr\" data-wpcf7-id=\"8\">\n<div class=\"screen-reader-response\"><p role=\"status\" aria-live=\"polite\" aria-atomic=\"true\"><\/p> <ul><\/ul><\/div>\n<form action=\"\/index.php?rest_route=%2Fwp%2Fv2%2Fpages%2F18#wpcf7-f8-o1\" method=\"post\" class=\"wpcf7-form init\" aria-label=\"Kontaktformular\" novalidate=\"novalidate\" data-status=\"init\">\n<fieldset class=\"hidden-fields-container\"><input type=\"hidden\" name=\"_wpcf7\" value=\"8\" \/><input type=\"hidden\" name=\"_wpcf7_version\" value=\"6.1.2\" \/><input type=\"hidden\" name=\"_wpcf7_locale\" value=\"de_DE\" \/><input type=\"hidden\" name=\"_wpcf7_unit_tag\" value=\"wpcf7-f8-o1\" \/><input type=\"hidden\" name=\"_wpcf7_container_post\" value=\"0\" \/><input type=\"hidden\" name=\"_wpcf7_posted_data_hash\" value=\"\" \/>\n<\/fieldset>\n<p><label> Dein Name:<br \/>\n<span class=\"wpcf7-form-control-wrap\" data-name=\"your-name\"><input size=\"40\" maxlength=\"400\" class=\"wpcf7-form-control wpcf7-text wpcf7-validates-as-required\" autocomplete=\"name\" aria-required=\"true\" aria-invalid=\"false\" value=\"\" type=\"text\" name=\"your-name\" \/><\/span> <\/label>\n<\/p>\n<p><label> Deine E-Mail-Adresse:<br \/>\n<span class=\"wpcf7-form-control-wrap\" data-name=\"your-email\"><input size=\"40\" maxlength=\"400\" class=\"wpcf7-form-control wpcf7-email wpcf7-validates-as-required wpcf7-text wpcf7-validates-as-email\" autocomplete=\"email\" aria-required=\"true\" aria-invalid=\"false\" value=\"\" type=\"email\" name=\"your-email\" \/><\/span> <\/label>\n<\/p>\n<p><label> Deine Telefonnummer:<br \/>\n<span class=\"wpcf7-form-control-wrap\" data-name=\"tel-748\"><input size=\"40\" maxlength=\"400\" class=\"wpcf7-form-control wpcf7-tel wpcf7-text wpcf7-validates-as-tel\" aria-invalid=\"false\" value=\"\" type=\"tel\" name=\"tel-748\" \/><\/span> <\/label>\n<\/p>\n<p><label> Betreff:<br \/>\n<span class=\"wpcf7-form-control-wrap\" data-name=\"your-subject\"><input size=\"40\" maxlength=\"400\" class=\"wpcf7-form-control wpcf7-text wpcf7-validates-as-required\" aria-required=\"true\" aria-invalid=\"false\" value=\"\" type=\"text\" name=\"your-subject\" \/><\/span> <\/label>\n<\/p>\n<p><label> Deine Nachricht:<br \/>\n<span class=\"wpcf7-form-control-wrap\" data-name=\"your-message\"><textarea cols=\"40\" rows=\"10\" maxlength=\"2000\" class=\"wpcf7-form-control wpcf7-textarea\" aria-invalid=\"false\" name=\"your-message\"><\/textarea><\/span> <\/label>\n<\/p>\n<p><input class=\"wpcf7-form-control wpcf7-submit has-spinner\" type=\"submit\" value=\"Senden\" \/>\n<\/p><div class=\"wpcf7-response-output\" aria-hidden=\"true\"><\/div>\n<\/form>\n<\/div>\n\n\n\n\n<p class=\"has-vivid-red-color has-text-color has-link-color has-medium-font-size wp-elements-51cee68c34ef78f629f54561fd273817\"><strong>Datenschutzhinweis:<\/strong><br>F\u00fcr die Bearbeitung Ihrer Anfrage ben\u00f6tigen wir einige pers\u00f6nliche Angaben. Die Mindestangaben sind mit einem Stern (*) als Pflichtfelder gekennzeichnet. Ihre Daten k\u00f6nnen auch durch von uns beauftragte Dienstleister zu diesem Zweck genutzt werden. In jedem Fall werden sie vertraulich behandelt und nicht unbefugt an Dritte weitergegeben.&nbsp;Die Einwilligung zur Verarbeitung (Erhebung, Speicherung und Nutzung) Ihrer Daten erfolgt auf freiwilliger Basis. Wenn Sie einwilligen, nutzt stenchly-dach Ihre Daten m\u00f6glicherweise f\u00fcr weitere schriftliche Informationen oder Beratungen.&nbsp;Ihr Einverst\u00e4ndnis k\u00f6nnen Sie ohne f\u00fcr Sie nachteilige Folgen verweigern bzw. jederzeit mit Wirkung f\u00fcr die Zukunft widerrufen. Dies ber\u00fchrt nicht die Rechtm\u00e4\u00dfigkeit der bisher erfolgten Verarbeitung. <br><br>Allgemeine Informationen zur Datenverarbeitung und zu Ihren Rechten finden Sie unter&nbsp;Datenschutz. Bei Fragen wenden Sie sich bitte direkt telefonisch an uns.<\/p>\n","protected":false},"excerpt":{"rendered":"<p>Haben Sie Fragen zu den Informationen auf unserer Internetseite? W\u00fcnschen Sie ein pers\u00f6nliches Beratungsgespr\u00e4ch? Wollen Sie sich von uns ein unverbindliches Angebot zu unseren Leistungen erstellen lassen? Hier sind Sie genau richtig! Hier bieten wir Ihnen die M\u00f6glichkeit, sich direkt mit uns in Verbindung zu setzen. F\u00fcllen Sie einfach das Formular aus und vergessen Sie &hellip; <\/p>\n<p class=\"link-more\"><a href=\"https:\/\/www.stenchly-dach.de\/?page_id=18\" class=\"more-link\"><span class=\"screen-reader-text\">\u201eKontakt\u201c <\/span>weiterlesen<\/a><\/p>\n","protected":false},"author":1,"featured_media":0,"parent":0,"menu_order":0,"comment_status":"closed","ping_status":"closed","template":"","meta":{"footnotes":""},"class_list":["post-18","page","type-page","status-publish","hentry"],"_links":{"self":[{"href":"https:\/\/www.stenchly-dach.de\/index.php?rest_route=\/wp\/v2\/pages\/18","targetHints":{"allow":["GET"]}}],"collection":[{"href":"https:\/\/www.stenchly-dach.de\/index.php?rest_route=\/wp\/v2\/pages"}],"about":[{"href":"https:\/\/www.stenchly-dach.de\/index.php?rest_route=\/wp\/v2\/types\/page"}],"author":[{"embeddable":true,"href":"https:\/\/www.stenchly-dach.de\/index.php?rest_route=\/wp\/v2\/users\/1"}],"replies":[{"embeddable":true,"href":"https:\/\/www.stenchly-dach.de\/index.php?rest_route=%2Fwp%2Fv2%2Fcomments&post=18"}],"version-history":[{"count":0,"href":"https:\/\/www.stenchly-dach.de\/index.php?rest_route=\/wp\/v2\/pages\/18\/revisions"}],"wp:attachment":[{"href":"https:\/\/www.stenchly-dach.de\/index.php?rest_route=%2Fwp%2Fv2%2Fmedia&parent=18"}],"curies":[{"name":"wp","href":"https:\/\/api.w.org\/{rel}","templated":true}]}}