{"id":14,"date":"2024-04-09T18:35:09","date_gmt":"2024-04-09T16:35:09","guid":{"rendered":"https:\/\/www.stenchly-dach.de\/?page_id=14"},"modified":"2025-03-04T11:03:37","modified_gmt":"2025-03-04T10:03:37","slug":"leistungen","status":"publish","type":"page","link":"https:\/\/www.stenchly-dach.de\/?page_id=14","title":{"rendered":"Leistungen"},"content":{"rendered":"\n<p class=\"has-vivid-red-color has-text-color has-link-color has-medium-font-size wp-elements-b468ae88b93bc9cfc782109a33812a4a\">Unsere Firma bietet Ihnen eine Vielzahl von M\u00f6glichkeiten, Ihr neues Dach zu gestalten. Ob Ziegel- oder Schieferdeckung, ob Dachfenster, Gauben oder eine Dachterasse. Oder sollen zuk\u00fcnftig sogar alternative Energiequellen bei Ihnen genutzt werden?<br><br>Wichtige Entscheidungen sind bei der Gestaltung eines Daches zu treffen. Viele Vor- und Nachteile sind bei der Vielzahl der heute zur Verf\u00fcgung stehenden Dachmaterialien genau gegeneinander abzuw\u00e4gen. Nutzen Sie deshalb die M\u00f6glichkeit, sich von uns ausf\u00fchrlich in unseren Ausstellungsr\u00e4umen in Kitzscher beraten zu lassen. Dort gibt es &#8222;Dach zum Anfassen&#8220; f\u00fcr Sie.<\/p>\n\n\n<style>#jtg-146 .modula-item .jtg-social a, .lightbox-socials.jtg-social a{ fill: #ffffff; color: #ffffff }#jtg-146 .modula-item .jtg-social-expandable a, #jtg-146 .modula-item .jtg-social-expandable-icons a{ fill: #ffffff; color: #ffffff }#jtg-146 .modula-item .jtg-social svg, .lightbox-socials.jtg-social svg { height: 16px; width: 16px }#jtg-146 .modula-item .jtg-social-expandable svg { height: 16px; width: 16px }#jtg-146 .modula-item .jtg-social-expandable-icons svg { height: 16px; width: 16px }#jtg-146 .modula-item .jtg-social a:not(:last-child), .lightbox-socials.jtg-social a:not(:last-child) { margin-right: 10px }#jtg-146 .modula-item .jtg-social-expandable-icons { gap: 10px }#jtg-146 .modula-item .figc {color:#ffffff;}#jtg-146 .modula-item .figc .jtg-title {  font-size: 16px; }#jtg-146 .modula-item .modula-item-content { transform: scale(1) }#jtg-146 { width:100%;}#jtg-146 .modula-items{height:800px;}@media screen and (max-width: 992px) {#jtg-146 .modula-items{height:800px;}}@media screen and (max-width: 768px) {#jtg-146 .modula-items{height:800px;}}#jtg-146 .modula-items .figc p.description { font-size:14px; }#jtg-146 .modula-items .figc p.description { color:#ffffff;}#jtg-146 .modula-items .figc .jtg-title { color:#ffffff; }#jtg-146.modula-gallery .modula-item > a, #jtg-146.modula-gallery .modula-item, #jtg-146.modula-gallery .modula-item-content > a:not(.modula-no-follow) { cursor:zoom-in; } #jtg-146.modula-gallery .modula-item-content .modula-no-follow { cursor: default; } @media screen and (max-width:480px){#jtg-146 .modula-item .figc .jtg-title {  font-size: 12px; }#jtg-146 .modula-items .figc p.description { color:#ffffff;font-size:10px; }}<\/style>\n<div  id=\"jtg-146\" class=\"modula modula-gallery modula-creative-gallery modula-is-lazy\" data-config=\"{&quot;height&quot;:800,&quot;tabletHeight&quot;:800,&quot;mobileHeight&quot;:800,&quot;desktopHeight&quot;:800,&quot;enableTwitter&quot;:false,&quot;enableWhatsapp&quot;:false,&quot;enableFacebook&quot;:false,&quot;enablePinterest&quot;:false,&quot;enableLinkedin&quot;:false,&quot;enableEmail&quot;:false,&quot;randomFactor&quot;:0.5,&quot;type&quot;:&quot;creative-gallery&quot;,&quot;columns&quot;:12,&quot;gutter&quot;:10,&quot;mobileGutter&quot;:10,&quot;tabletGutter&quot;:10,&quot;desktopGutter&quot;:10,&quot;enableResponsive&quot;:&quot;0&quot;,&quot;tabletColumns&quot;:2,&quot;mobileColumns&quot;:1,&quot;lazyLoad&quot;:true,&quot;lightboxOpts&quot;:{&quot;animated&quot;:true,&quot;Thumbs&quot;:{&quot;type&quot;:&quot;modern&quot;,&quot;showOnStart&quot;:false},&quot;Toolbar&quot;:{&quot;display&quot;:{&quot;right&quot;:[&quot;close&quot;]},&quot;enabled&quot;:true},&quot;Carousel&quot;:{&quot;Panzoom&quot;:{&quot;touch&quot;:false},&quot;infinite&quot;:false},&quot;keyboard&quot;:{&quot;Escape&quot;:&quot;close&quot;,&quot;Delete&quot;:&quot;close&quot;,&quot;Backspace&quot;:&quot;close&quot;,&quot;PageUp&quot;:false,&quot;PageDown&quot;:false,&quot;ArrowUp&quot;:false,&quot;ArrowDown&quot;:false,&quot;ArrowRight&quot;:false,&quot;ArrowLeft&quot;:false},&quot;touch&quot;:false,&quot;backdropClick&quot;:false,&quot;l10n&quot;:{&quot;CLOSE&quot;:&quot;Close&quot;,&quot;NEXT&quot;:&quot;Next&quot;,&quot;PREV&quot;:&quot;Previous&quot;,&quot;Error&quot;:&quot;The requested content cannot be loaded. Please try again later.&quot;,&quot;PLAY_START&quot;:&quot;Start slideshow&quot;,&quot;PLAY_STOP&quot;:&quot;Pause slideshow&quot;,&quot;FULL_SCREEN&quot;:&quot;Full screen&quot;,&quot;THUMBS&quot;:&quot;Thumbnails&quot;,&quot;DOWNLOAD&quot;:&quot;Download&quot;,&quot;SHARE&quot;:&quot;Share&quot;,&quot;ZOOM&quot;:&quot;Zoom&quot;,&quot;EMAIL&quot;:&quot;Here is the link to the image : %%image_link%% and this is the link to the gallery : %%gallery_link%%&quot;,&quot;MODAL&quot;:&quot;You can close this modal content with the ESC key&quot;,&quot;ERROR&quot;:&quot;Something Went Wrong, Please Try Again Later&quot;,&quot;IMAGE_ERROR&quot;:&quot;Image Not Found&quot;,&quot;ELEMENT_NOT_FOUND&quot;:&quot;HTML Element Not Found&quot;,&quot;AJAX_NOT_FOUND&quot;:&quot;Error Loading AJAX : Not Found&quot;,&quot;AJAX_FORBIDDEN&quot;:&quot;Error Loading AJAX : Forbidden&quot;,&quot;IFRAME_ERROR&quot;:&quot;Error Loading Page&quot;,&quot;TOGGLE_ZOOM&quot;:&quot;Toggle zoom level&quot;,&quot;TOGGLE_THUMBS&quot;:&quot;Toggle thumbnails&quot;,&quot;TOGGLE_SLIDESHOW&quot;:&quot;Toggle slideshow&quot;,&quot;TOGGLE_FULLSCREEN&quot;:&quot;Toggle full-screen mode&quot;},&quot;Images&quot;:{&quot;Panzoom&quot;:{&quot;maxScale&quot;:2}},&quot;mainClass&quot;:&quot;modula-fancybox-container modula-lightbox-jtg-146&quot;,&quot;Html&quot;:{&quot;videoAutoplay&quot;:0,&quot;videoTpl&quot;:&quot;&lt;video class=\\&quot;fancybox__html5video\\&quot; controls muted playsinline controlsList controlsList=\\&quot;nodownload\\&quot; poster=\\&quot;{{poster}}\\&quot; src=\\&quot;{{src}}\\&quot; type=\\&quot;{{format}}\\&quot; &gt;  Sorry, your browser doesn&#039;t support embedded videos, &lt;a href=\\&quot;{{src}}\\&quot;&gt; download &lt;\\\/a&gt; and watch with your favorite video player! &lt;\\\/video&gt;&quot;}},&quot;inView&quot;:false,&quot;email_subject&quot;:&quot;Check out this awesome image !!&quot;,&quot;email_message&quot;:&quot;Here is the link to the image : %%image_link%% and this is the link to the gallery : %%gallery_link%%&quot;,&quot;lightbox&quot;:&quot;fancybox&quot;}\">\n\n\t\n\t<div  class=\"modula-items\">\n\t\t<div class=\"modula-item effect-pufrobo\" >\n\t<div class=\"modula-item-overlay\"><\/div>\n\n\t<div class=\"modula-item-content\">\n\n\t\t\t\t\n\t\t\t\t\t<a data-image-id=\"147\" tabindex=\"0\" rel=\"jtg-146\" data-caption=\"\" aria-label=\"Open image in lightbox\" role=\"button\" class=\"tile-inner modula-item-link\"><\/a>\n\t\t\n\t\t<img class=\"pic wp-image-147 lazyload\"  data-valign=\"middle\" data-halign=\"center\" alt=\"\" data-full=\"https:\/\/www.stenchly-dach.de\/wp-content\/uploads\/IMG_0592-2.jpg\" title=\"IMG_0592\" width=\"300\" height=\"225\" data-src=\"https:\/\/www.stenchly-dach.de\/wp-content\/uploads\/IMG_0592-2-300x225.jpg\" data-caption=\"\" data-source=\"modula\" data-srcset=\"https:\/\/www.stenchly-dach.de\/wp-content\/uploads\/IMG_0592-2-scaled.jpg 2560w, https:\/\/www.stenchly-dach.de\/wp-content\/uploads\/IMG_0592-2-scaled-300x225.jpg 300w, https:\/\/www.stenchly-dach.de\/wp-content\/uploads\/IMG_0592-2-1024x768.jpg 1024w, https:\/\/www.stenchly-dach.de\/wp-content\/uploads\/IMG_0592-2-768x576.jpg 768w, https:\/\/www.stenchly-dach.de\/wp-content\/uploads\/IMG_0592-2-1536x1152.jpg 1536w, https:\/\/www.stenchly-dach.de\/wp-content\/uploads\/IMG_0592-2-2048x1536.jpg 2048w\" data-sizes=\"(max-width: 300px) 100vw, 300px\" srcset=\"https:\/\/www.stenchly-dach.de\/wp-content\/uploads\/IMG_0592-2-300x225.jpg 300w, https:\/\/www.stenchly-dach.de\/wp-content\/uploads\/IMG_0592-2-1024x768.jpg 1024w, https:\/\/www.stenchly-dach.de\/wp-content\/uploads\/IMG_0592-2-768x576.jpg 768w, https:\/\/www.stenchly-dach.de\/wp-content\/uploads\/IMG_0592-2-1536x1152.jpg 1536w, https:\/\/www.stenchly-dach.de\/wp-content\/uploads\/IMG_0592-2-2048x1536.jpg 2048w\" sizes=\"(max-width: 300px) 100vw, 300px\" \/>\n\t\t<div class=\"figc no-description\">\n\t\t\t<div class=\"figc-inner\">\n\t\t\t\t\t\t\t\t\t\t\t\t\t\t\t<\/div>\n\t\t<\/div>\n\n\t<\/div>\n\n<\/div><div class=\"modula-item effect-pufrobo\" >\n\t<div class=\"modula-item-overlay\"><\/div>\n\n\t<div class=\"modula-item-content\">\n\n\t\t\t\t\n\t\t\t\t\t<a data-image-id=\"148\" tabindex=\"0\" rel=\"jtg-146\" data-caption=\"\" aria-label=\"Open image in lightbox\" role=\"button\" class=\"tile-inner modula-item-link\"><\/a>\n\t\t\n\t\t<img class=\"pic wp-image-148 lazyload\"  data-valign=\"middle\" data-halign=\"center\" alt=\"\" data-full=\"https:\/\/www.stenchly-dach.de\/wp-content\/uploads\/IMG_0594.jpg\" title=\"IMG_0594\" width=\"300\" height=\"225\" data-src=\"https:\/\/www.stenchly-dach.de\/wp-content\/uploads\/IMG_0594-300x225.jpg\" data-caption=\"\" data-source=\"modula\" data-srcset=\"https:\/\/www.stenchly-dach.de\/wp-content\/uploads\/IMG_0594-scaled.jpg 2560w, https:\/\/www.stenchly-dach.de\/wp-content\/uploads\/IMG_0594-scaled-300x225.jpg 300w, https:\/\/www.stenchly-dach.de\/wp-content\/uploads\/IMG_0594-1024x768.jpg 1024w, https:\/\/www.stenchly-dach.de\/wp-content\/uploads\/IMG_0594-768x576.jpg 768w, https:\/\/www.stenchly-dach.de\/wp-content\/uploads\/IMG_0594-1536x1152.jpg 1536w, https:\/\/www.stenchly-dach.de\/wp-content\/uploads\/IMG_0594-2048x1536.jpg 2048w\" data-sizes=\"(max-width: 300px) 100vw, 300px\" srcset=\"https:\/\/www.stenchly-dach.de\/wp-content\/uploads\/IMG_0594-300x225.jpg 300w, https:\/\/www.stenchly-dach.de\/wp-content\/uploads\/IMG_0594-1024x768.jpg 1024w, https:\/\/www.stenchly-dach.de\/wp-content\/uploads\/IMG_0594-768x576.jpg 768w, https:\/\/www.stenchly-dach.de\/wp-content\/uploads\/IMG_0594-1536x1152.jpg 1536w, https:\/\/www.stenchly-dach.de\/wp-content\/uploads\/IMG_0594-2048x1536.jpg 2048w\" sizes=\"(max-width: 300px) 100vw, 300px\" \/>\n\t\t<div class=\"figc no-description\">\n\t\t\t<div class=\"figc-inner\">\n\t\t\t\t\t\t\t\t\t\t\t\t\t\t\t<\/div>\n\t\t<\/div>\n\n\t<\/div>\n\n<\/div>\t\t\n\t<\/div>\n\n\t\n\t\n\t<script type=\"application\/ld+json\">\n\t{\n\t\t\"@context\": \"http:\/\/schema.org\",\n\t\t\"@type\"   : \"ImageGallery\",\n\t\t\"id\"      : \"https:\/\/www.stenchly-dach.de\/?page_id=14\/\",\n\t\t\"url\"     : \"https:\/\/www.stenchly-dach.de\/?page_id=14\/\"\n\t}\n\n\t<\/script>\n\n\t\n<\/div>\n\n\n\n\n<p class=\"has-vivid-red-color has-text-color has-link-color has-medium-font-size wp-elements-21b8a4f639d70afc2de68bb34abfe70a\"><strong>Unsere Leistungen f\u00fcr Sie:<\/strong><\/p>\n\n\n\n<div class=\"wp-block-columns is-layout-flex wp-container-core-columns-is-layout-9d6595d7 wp-block-columns-is-layout-flex\">\n<div class=\"wp-block-column has-medium-font-size is-layout-flow wp-block-column-is-layout-flow\" style=\"flex-basis:33.33%\">\n<p class=\"has-vivid-red-color has-text-color has-link-color wp-elements-385814cbb1362c50d3c6aea47bbd9bfd\"><strong>Steild\u00e4cher<\/strong>:<\/p>\n<\/div>\n\n\n\n<div class=\"wp-block-column has-medium-font-size is-layout-flow wp-block-column-is-layout-flow\" style=\"flex-basis:66.66%\">\n<ul class=\"wp-block-list has-vivid-red-color has-text-color has-link-color wp-elements-d45f59ba4b153de95c3963c4a6aae1c1\">\n<li><a href=\"https:\/\/www.stenchly-dach.de\/?page_id=25\" data-type=\"page\" data-id=\"25\">Schieferdeckungen<\/a><\/li>\n\n\n\n<li>Faserzementdeckungen<\/li>\n\n\n\n<li>Bitumenschindeldeckungen<\/li>\n\n\n\n<li><a href=\"https:\/\/www.stenchly-dach.de\/?page_id=27\" data-type=\"page\" data-id=\"27\">Dachziegel- und Dachsteindeckungen<\/a><\/li>\n<\/ul>\n<\/div>\n<\/div>\n\n\n\n<div class=\"wp-block-columns is-layout-flex wp-container-core-columns-is-layout-9d6595d7 wp-block-columns-is-layout-flex\">\n<div class=\"wp-block-column has-medium-font-size is-layout-flow wp-block-column-is-layout-flow\" style=\"flex-basis:33.33%\">\n<p class=\"has-vivid-red-color has-text-color has-link-color wp-elements-1a1028c65af027b1329427b1384addd7\"><strong>Flachd\u00e4cher<\/strong>:<\/p>\n<\/div>\n\n\n\n<div class=\"wp-block-column has-medium-font-size is-layout-flow wp-block-column-is-layout-flow\" style=\"flex-basis:66.66%\">\n<ul class=\"wp-block-list has-vivid-red-color has-text-color has-link-color wp-elements-d136ad625631a9f1054c59635cdca256\">\n<li>Bitumenabdichtungen<\/li>\n\n\n\n<li>Kunststoffabdichtungen<\/li>\n\n\n\n<li><a href=\"https:\/\/www.stenchly-dach.de\/?page_id=29\" data-type=\"page\" data-id=\"29\">Gr\u00fcnd\u00e4cher<\/a><\/li>\n<\/ul>\n<\/div>\n<\/div>\n\n\n\n<div class=\"wp-block-columns is-layout-flex wp-container-core-columns-is-layout-9d6595d7 wp-block-columns-is-layout-flex\">\n<div class=\"wp-block-column has-medium-font-size is-layout-flow wp-block-column-is-layout-flow\" style=\"flex-basis:33.33%\">\n<p class=\"has-vivid-red-color has-text-color has-link-color wp-elements-d78e218040681e1340e0f6368a87d461\"><strong>Metalld\u00e4cher<\/strong>:<\/p>\n<\/div>\n\n\n\n<div class=\"wp-block-column has-medium-font-size is-layout-flow wp-block-column-is-layout-flow\" style=\"flex-basis:66.66%\">\n<ul class=\"wp-block-list has-vivid-red-color has-text-color has-link-color wp-elements-e3f116da07690736bcafb2d0d1f15678\">\n<li>Prefa-Deckungen<\/li>\n\n\n\n<li>Decra-Deckungen<\/li>\n\n\n\n<li>Stehfalz-Deckungen<\/li>\n<\/ul>\n<\/div>\n<\/div>\n\n\n\n<div class=\"wp-block-columns is-layout-flex wp-container-core-columns-is-layout-9d6595d7 wp-block-columns-is-layout-flex\">\n<div class=\"wp-block-column has-medium-font-size is-layout-flow wp-block-column-is-layout-flow\" style=\"flex-basis:33.33%\">\n<p class=\"has-vivid-red-color has-text-color has-link-color wp-elements-b37ec0340f3be63dadea44b9aca2b1c7\"><strong>Fassaden:<\/strong><\/p>\n<\/div>\n\n\n\n<div class=\"wp-block-column has-medium-font-size is-layout-flow wp-block-column-is-layout-flow\" style=\"flex-basis:66.66%\">\n<ul class=\"wp-block-list has-vivid-red-color has-text-color has-link-color wp-elements-c1ad621b4bb977e0719e19cf7bd01b92\">\n<li>Schiefer-, Holz- und Metallverkleidungen<\/li>\n\n\n\n<li>Ornamente und B\u00e4nder in Schiefer<\/li>\n<\/ul>\n<\/div>\n<\/div>\n\n\n\n<div class=\"wp-block-columns is-layout-flex wp-container-core-columns-is-layout-9d6595d7 wp-block-columns-is-layout-flex\">\n<div class=\"wp-block-column has-medium-font-size is-layout-flow wp-block-column-is-layout-flow\" style=\"flex-basis:33.33%\">\n<p class=\"has-vivid-red-color has-text-color has-link-color wp-elements-522741ef7612f78b5c30897ae5c9ea79\"><strong>Dachausbau:<\/strong><\/p>\n<\/div>\n\n\n\n<div class=\"wp-block-column has-medium-font-size is-layout-flow wp-block-column-is-layout-flow\" style=\"flex-basis:66.66%\">\n<ul class=\"wp-block-list has-vivid-red-color has-text-color has-link-color wp-elements-ac560f02a88c0894952db1c74de07080\">\n<li><a href=\"https:\/\/www.stenchly-dach.de\/?page_id=31\" data-type=\"page\" data-id=\"31\">Einbau von Velux- und Rotodachfl\u00e4chenfenstern<\/a><\/li>\n\n\n\n<li>individueller Dachausbau<\/li>\n<\/ul>\n<\/div>\n<\/div>\n\n\n\n<div class=\"wp-block-columns is-layout-flex wp-container-core-columns-is-layout-9d6595d7 wp-block-columns-is-layout-flex\">\n<div class=\"wp-block-column has-medium-font-size is-layout-flow wp-block-column-is-layout-flow\" style=\"flex-basis:33.33%\">\n<p class=\"has-vivid-red-color has-text-color has-link-color wp-elements-46ababd07243b86b7a29cbe63e3f67da\"><strong>Dachklempnerei:<\/strong><\/p>\n<\/div>\n\n\n\n<div class=\"wp-block-column has-medium-font-size is-layout-flow wp-block-column-is-layout-flow\" style=\"flex-basis:66.66%\">\n<ul class=\"wp-block-list has-vivid-red-color has-text-color has-link-color wp-elements-76d39ee14295594ca2ec5fcd61f8b805\">\n<li>Dachentw\u00e4sserungen<\/li>\n\n\n\n<li>Einfassungen und Verwahrungen<\/li>\n<\/ul>\n<\/div>\n<\/div>\n\n\n\n<div class=\"wp-block-columns is-layout-flex wp-container-core-columns-is-layout-9d6595d7 wp-block-columns-is-layout-flex\">\n<div class=\"wp-block-column has-medium-font-size is-layout-flow wp-block-column-is-layout-flow\" style=\"flex-basis:33.33%\">\n<p class=\"has-vivid-red-color has-text-color has-link-color wp-elements-109deda37b390a14c5e4b0cb8aebe634\"><strong>Holzbau:<\/strong><\/p>\n<\/div>\n\n\n\n<div class=\"wp-block-column has-medium-font-size is-layout-flow wp-block-column-is-layout-flow\" style=\"flex-basis:66.66%\">\n<ul class=\"wp-block-list has-vivid-red-color has-text-color has-link-color wp-elements-1cd61cbba6418cdff9e6d3c2310d2050\">\n<li>Dachst\u00fchle und Dachgauben<\/li>\n\n\n\n<li>Vord\u00e4cher und Carports<\/li>\n<\/ul>\n<\/div>\n<\/div>\n\n\n\n<div class=\"wp-block-columns is-layout-flex wp-container-core-columns-is-layout-9d6595d7 wp-block-columns-is-layout-flex\">\n<div class=\"wp-block-column has-medium-font-size is-layout-flow wp-block-column-is-layout-flow\" style=\"flex-basis:33.33%\">\n<p class=\"has-vivid-red-color has-text-color has-link-color wp-elements-7fce1b839b8d13c9cceac0bc4dcf1790\"><strong>Solar:<\/strong><\/p>\n<\/div>\n\n\n\n<div class=\"wp-block-column has-medium-font-size is-layout-flow wp-block-column-is-layout-flow\" style=\"flex-basis:66.66%\">\n<ul class=\"wp-block-list has-vivid-red-color has-text-color has-link-color wp-elements-e799922d4345145b90e8b46a4d9af370\">\n<li><a href=\"https:\/\/www.stenchly-dach.de\/?page_id=33\" data-type=\"page\" data-id=\"33\">Solarthermieanlagen<\/a><\/li>\n\n\n\n<li>Photovoltaikanlagen<\/li>\n\n\n\n<li>Beratung zu F\u00f6rderm\u00f6glichkeiten<\/li>\n<\/ul>\n<\/div>\n<\/div>\n\n\n\n<p class=\"has-vivid-red-color has-text-color has-link-color has-medium-font-size wp-elements-3fecf92d6b9bb65afec179c34f8e44b1\"><strong>Eine termingetreue, fachgerechte und qualitativ hochwertige Ausf\u00fchrung Ihrer Dacharbeiten ist f\u00fcr uns Ehrensache!<br><\/strong><em><br>Ihr Dachdeckermeister<br>Mark Stenchly<\/em><\/p>\n","protected":false},"excerpt":{"rendered":"<p>Unsere Firma bietet Ihnen eine Vielzahl von M\u00f6glichkeiten, Ihr neues Dach zu gestalten. Ob Ziegel- oder Schieferdeckung, ob Dachfenster, Gauben oder eine Dachterasse. Oder sollen zuk\u00fcnftig sogar alternative Energiequellen bei Ihnen genutzt werden? Wichtige Entscheidungen sind bei der Gestaltung eines Daches zu treffen. Viele Vor- und Nachteile sind bei der Vielzahl der heute zur Verf\u00fcgung &hellip; <\/p>\n<p class=\"link-more\"><a href=\"https:\/\/www.stenchly-dach.de\/?page_id=14\" class=\"more-link\"><span class=\"screen-reader-text\">\u201eLeistungen\u201c <\/span>weiterlesen<\/a><\/p>\n","protected":false},"author":1,"featured_media":0,"parent":0,"menu_order":0,"comment_status":"closed","ping_status":"closed","template":"","meta":{"footnotes":""},"class_list":["post-14","page","type-page","status-publish","hentry"],"_links":{"self":[{"href":"https:\/\/www.stenchly-dach.de\/index.php?rest_route=\/wp\/v2\/pages\/14","targetHints":{"allow":["GET"]}}],"collection":[{"href":"https:\/\/www.stenchly-dach.de\/index.php?rest_route=\/wp\/v2\/pages"}],"about":[{"href":"https:\/\/www.stenchly-dach.de\/index.php?rest_route=\/wp\/v2\/types\/page"}],"author":[{"embeddable":true,"href":"https:\/\/www.stenchly-dach.de\/index.php?rest_route=\/wp\/v2\/users\/1"}],"replies":[{"embeddable":true,"href":"https:\/\/www.stenchly-dach.de\/index.php?rest_route=%2Fwp%2Fv2%2Fcomments&post=14"}],"version-history":[{"count":0,"href":"https:\/\/www.stenchly-dach.de\/index.php?rest_route=\/wp\/v2\/pages\/14\/revisions"}],"wp:attachment":[{"href":"https:\/\/www.stenchly-dach.de\/index.php?rest_route=%2Fwp%2Fv2%2Fmedia&parent=14"}],"curies":[{"name":"wp","href":"https:\/\/api.w.org\/{rel}","templated":true}]}}